{"id":734,"date":"2018-07-26T10:49:22","date_gmt":"2018-07-26T13:49:22","guid":{"rendered":"https:\/\/iessanfrancisco-slu.infd.edu.ar\/sitio\/?page_id=734"},"modified":"2022-03-17T09:54:07","modified_gmt":"2022-03-17T12:54:07","slug":"plan-de-estudio","status":"publish","type":"page","link":"https:\/\/iessanfrancisco-slu.infd.edu.ar\/sitio\/catalogo\/plan-de-estudio\/","title":{"rendered":"Plan de estudio"},"content":{"rendered":"<p>Profesorado de Educaci\u00f3n Primaria con Orientaci\u00f3n en<br \/>Educaci\u00f3n Rural<\/p>\n<ul>\n<li>\n<pre><a href=\"https:\/\/drive.google.com\/file\/d\/1x27FP0JiU-uanUs0T73Aily1sBALccI8\/view?usp=sharing\">Resoluci\u00f3n N\u00ba 2-ME-2022<\/a><\/pre>\n<\/li>\n<\/ul>\n<h4>Acerca de la carrera<\/h4>\n<p>La Ley de Educaci\u00f3n Nacional 26.206, en su Cap\u00edtulo X, art\u00edculo 49, plantea:<\/p>\n<blockquote>\n<pre>\"La educaci\u00f3n rural es la modalidad del sistema educativo de los niveles de educaci\u00f3n inicial, primaria y secundaria destinada a garantizar el cumplimiento de la escolaridad obligatoria a trav\u00e9s de formas adecuadas a las necesidades y particularidades de la poblaci\u00f3n que habita en zonas rurales\" <br \/>(Art\u00edculo 49 de la Ley de Educaci\u00f3n Nacional).<\/pre>\n<\/blockquote>\n<p>Asimismo, en el art\u00edculo 50, se plantean como objetivos de la Educaci\u00f3n Rural:<\/p>\n<ol>\n<li>Garantizar el acceso a los saberes postulados para el conjunto del sistema a trav\u00e9s de propuestas pedag\u00f3gicas flexibles que fortalezcan el v\u00ednculo con las identidades culturales y las actividades productivas locales.<\/li>\n<li>Promover dise\u00f1os institucionales que permitan a los\/as alumnos\/as mantener los v\u00ednculos con su n\u00facleo familiar y su medio local de pertenencia, durante el proceso educativo, garantizando la necesaria coordinaci\u00f3n y articulaci\u00f3n del sistema dentro de cada provincia y entre las diferentes jurisdicciones.<\/li>\n<li>Permitir modelos de organizaci\u00f3n escolar adecuados a cada contexto, tales como agrupamientos de instituciones, salas plurigrados y grupos multiedad, instituciones que abarquen varios niveles en una misma unidad educativa, escuelas de alternancia, escuelas itinerantes u otras, que garanticen el cumplimiento de la obligatoriedad escolar y la continuidad de los estudios en los diferentes ciclos, niveles y modalidades del sistema educativo, atendiendo asimismo las necesidades educativas de la poblaci\u00f3n rural migrante.<\/li>\n<li>Promover la igualdad de oportunidades y posibilidades asegurando la equidad de g\u00e9nero.\u201d Por su parte, en el art\u00edculo 73, inciso b), se hace hincapi\u00e9 en el \u201cdesarrollo de las capacidades y los conocimientos necesarios para el trabajo docente en los diferentes niveles y modalidades del sistema educativo\u201d, (2006, p.13) considerando el \u00e9nfasis en la formaci\u00f3n de educadores para la modalidad.<\/li>\n<\/ol>\n<p>Finalidades formativas espec\u00edficas de la orientaci\u00f3n en Educaci\u00f3n rural<\/p>\n<ul>\n<li>Promover el dise\u00f1o de alternativas educativas complejas, integradoras e interdisciplinarias estimulando una pr\u00e1ctica enriquecida para el desempe\u00f1o docente en plurigrado.<\/li>\n<li>Propiciar el desarrollo de propuestas pedag\u00f3gicas y sociocomunitarias para intervenir en la organizaci\u00f3n de las particularidades institucionales y contextuales, contribuyendo al desarrollo y el crecimiento de los entornos. Contribuir a una aproximaci\u00f3n al conocimiento de las peculiaridades socio-hist\u00f3ricas de las comunidades rurales, promoviendo una actitud de respeto por el entorno y una disposici\u00f3n abierta al continuo aprendizaje.<\/li>\n<\/ul>\n<h4>Perfil del egresado<\/h4>\n<p>Se considera al perfil profesional como el conjunto de rasgos y capacidades peculiares que caracterizan a una persona y le permiten ser identificada por la sociedad como miembro de una profesi\u00f3n, pudi\u00e9ndosele encomendar tareas para las que se supone capacitado y competente, y por lo tanto, habilitado. Por ello, el perfil docente del egresado de la carrera de Profesorado de Educaci\u00f3n Primaria con orientaci\u00f3n en Educaci\u00f3n Rural posee una configuraci\u00f3n particular, expresada en las capacidades consolidadas a lo largo de su\u00a0 proceso de formaci\u00f3n, que le permiten un saber \u2013 hacer espec\u00edficos.<\/p>\n<p>Por lo antes expresado, los egresados de la carrera de Profesorado de Educaci\u00f3n Primaria ser\u00e1n capaces de:<\/p>\n<ul>\n<li>Generar propuestas de ense\u00f1anza que consoliden e incrementen la incorporaci\u00f3n de contenidos relacionados con el patrimonio cultural y natural sanluise\u00f1o para el fortalecimiento de la Cultura y la Identidad Puntana.<\/li>\n<li>Fortalecer las pr\u00e1cticas de la lectoescritura, la interpretaci\u00f3n de textos y de las cuatro operaciones matem\u00e1ticas b\u00e1sicas.<\/li>\n<li>Innovar en el aula implementando propuestas de ense\u00f1anza para la comprensi\u00f3n que promuevan el aprendizaje significativo, el aprendizaje socio cultural, el aprendizaje basado en problemas, el aprendizaje orientado a proyectos, el aprendizaje colaborativo, el aprendizaje ubicuo, el aprendizaje basado en juegos y toda propuesta que permita el abordaje interdisciplinario, integral, complejo, diverso y contextualizado del proceso educativo.\u00a0<\/li>\n<li>Establecer metodolog\u00edas orientadas al trabajo independiente como la investigaci\u00f3n documental, el uso de las TIC, la elaboraci\u00f3n de informes escritos, los trabajos con tablas y bases de datos, la elaboraci\u00f3n de planes de acci\u00f3n en tiempos determinados con elecci\u00f3n de alternativas, de ejercicios de expresi\u00f3n y comunicaci\u00f3n oral, los trabajos de campo, entre otros.<\/li>\n<li>Ampliar los horizontes culturales y sociales de las nuevas infancias y juventudes, promoviendo la calidad y la justicia, a partir del reconocimiento de la diversidad sociocultural de los\/as estudiantes.<\/li>\n<li>Atender las necesidades de las instituciones del Sistema Educativo\u00a0Provincial, haciendo \u00e9nfasis en las Escuelas Generativas, como instituciones que tienen como centro la educaci\u00f3n innovadora, inclusiva y de calidad.<\/li>\n<li>Favorecer la libertad de los\/las estudiantes, tom\u00e1ndolos como centro del proceso de aprendizaje, atendiendo a sus diversas trayectorias enmarcadas en la l\u00f3gica de la ense\u00f1anza de la educaci\u00f3n rural.<\/li>\n<li>Valorar la transmisi\u00f3n de conocimientos y valores ciudadanos asumi\u00e9ndose como agentes privilegiados en el reparto de la cultura, en instituciones educativas con caracter\u00edsticas diversas, especialmente en ambientes rurales.<\/li>\n<li>Redise\u00f1ar los espacios para el aprendizaje, incentivar nuevos modos de interacci\u00f3n social y de utilizaci\u00f3n del tiempo; conformar equipos de docentes\/coordinadores con din\u00e1micas m\u00e1s horizontales y participativas; desarrollar sus propios dispositivos de evaluaci\u00f3n en base al proyecto educativo innovador; establecer acuerdos de convivencia desde un trabajo colectivo y democr\u00e1tico<\/li>\n<li>Reconocer el estudio sistem\u00e1tico, reflexivo y continuo como propiciador de la profesionalizaci\u00f3n del rol docente realizando actividades en espacios de educaci\u00f3n no formales; desarrollando proyectos educativos institucionales contextualizados y desde un eje disparador como el deporte, la danza, la comunicaci\u00f3n, el medio ambiente, la m\u00fasica, el teatro, la inform\u00e1tica, las ciencias, etc.<\/li>\n<li>Asumir una actitud reflexiva sobre las propias pr\u00e1cticas de ense\u00f1anza para optimizar la comprensi\u00f3n e intervenci\u00f3n sobre las mismas.<\/li>\n<li>Articular con los niveles Inicial y Secundario, sobre la base de los marcos curriculares nacionales y jurisdiccionales.<\/li>\n<li>Ampliar su propio horizonte cultural m\u00e1s all\u00e1 de los contenidos imprescindibles para ense\u00f1ar en la clase.<\/li>\n<\/ul>\n<p><strong>A\u00f1os de cursado: 4 a\u00f1os<\/strong><\/p>\n<ul>\n<li><strong>Materia<\/strong><\/li>\n<\/ul>\n\n\n<figure class=\"wp-block-table aligncenter is-style-stripes\"><table><tbody><tr><td>Nombre<\/td><td>Carga horaria<\/td><td>Tipo<\/td><td>Per\u00edodo<\/td><td><\/td><\/tr><tr><td>Alfabetizaci\u00f3n Acad\u00e9mica<\/td><td>48 hs<\/td><td>Taller<\/td><td>1\u00ba Cuatrimestre<\/td><td><\/td><\/tr><tr><td>Alfabetizaci\u00f3n Digital<\/td><td>48 hs<\/td><td>Taller<\/td><td>1\u00ba Cuatrimestre<\/td><td><\/td><\/tr><tr><td>Lengua y Literatura<\/td><td>64 hs<\/td><td>Materia<\/td><td>1\u00ba Cuatrimestre<\/td><td><\/td><\/tr><tr><td>Matem\u00e1tica<\/td><td>64 hs<\/td><td>Materia<\/td><td>1\u00ba Cuatrimestre<\/td><td><\/td><\/tr><tr><td>Arte y Juego<\/td><td>48 hs<\/td><td>Taller vivencial<\/td><td>2\u00ba Cuatrimestre<\/td><td><\/td><\/tr><tr><td>Pedagog\u00eda Social<\/td><td>64 hs<\/td><td>Materia<\/td><td>2\u00ba Cuatrimestre<\/td><td><\/td><\/tr><tr><td>Historia y Pol\u00edtica de la Educaci\u00f3n<br> Argentina y Latinoamericana<\/td><td>64 hs<\/td><td>Materia<\/td><td>2\u00ba Cuatrimestre<\/td><td><\/td><\/tr><tr><td>Ciencias Sociales<\/td><td>64 hs<\/td><td>Materia<\/td><td>2\u00ba Cuatrimestre<\/td><td><\/td><\/tr><tr><td>Ciencias Naturales<\/td><td>64 hs<\/td><td>Materia<\/td><td>2\u00ba Cuatrimestre<\/td><td><\/td><\/tr><tr><td>Pr\u00e1ctica Docente I<\/td><td>80 hs<\/td><td>Pr\u00e1ctica<\/td><td>Anual<\/td><td><\/td><\/tr><tr><td>Taller Integrador Orientado I<\/td><td>64 hs<\/td><td>Taller<\/td><td>Anual<\/td><td><\/td><\/tr><\/tbody><\/table><figcaption>1\u00ba A\u00f1o<\/figcaption><\/figure>\n\n\n\n<figure class=\"wp-block-table aligncenter is-style-stripes\"><table><tbody><tr><td>Nombre<\/td><td>Carga horaria<\/td><td>Tipo<\/td><td>Per\u00edodo<\/td><td><\/td><\/tr><tr><td>Psicolog\u00eda Educacional<\/td><td>64 hs<\/td><td>Materia<\/td><td>1\u00ba Cuatrimestre<\/td><td><\/td><\/tr><tr><td>Sujetos de la Educaci\u00f3n Primaria<\/td><td>48 hs<\/td><td>Materia<\/td><td>1\u00ba Cuatrimestre<\/td><td><\/td><\/tr><tr><td>Lenguajes Art\u00edsticos: Teatro<\/td><td>32hs<\/td><td>Taller<\/td><td>1\u00ba Cuatrimestre<\/td><td><\/td><\/tr><tr><td>Filosof\u00eda de la Educaci\u00f3n Contempor\u00e1nea<\/td><td>48 hs<\/td><td>Materia<\/td><td>2\u00ba Cuatrimestre<\/td><td><\/td><\/tr><tr><td>Did\u00e1ctica General<\/td><td>64 hs<\/td><td>Materia<\/td><td>2\u00ba Cuatrimestre<\/td><td><\/td><\/tr><tr><td>Sociolog\u00eda de la Educaci\u00f3n<\/td><td>48 hs<\/td><td>Materia<\/td><td>2\u00ba Cuatrimestre<\/td><td><\/td><\/tr><tr><td>Lengua, Literatura y su Did\u00e1ctica I<\/td><td>96 hs<\/td><td>Materia<\/td><td>Anual<\/td><td><\/td><\/tr><tr><td>Matem\u00e1tica y su Did\u00e1ctica I<\/td><td>96 hs<\/td><td>Materia<\/td><td>Anual<\/td><td><\/td><\/tr><tr><td>Ciencias Sociales y su Did\u00e1ctica I<\/td><td>96 hs<\/td><td>Materia<\/td><td>Anual<\/td><td><\/td><\/tr><tr><td>Pr\u00e1ctica Docente II<\/td><td>96 hs <\/td><td>Pr\u00e1ctica<\/td><td>Anual<\/td><td><\/td><\/tr><tr><td>Taller Integrador Orientado II <br>(Sujetos y Subjetividades de la <br>Educaci\u00f3n Primaria Rural)<\/td><td>64 hs<\/td><td>Taller<\/td><td>Anual<\/td><td><\/td><\/tr><tr><td>Seminario de Orientaci\u00f3n Integrado<br>(Curr\u00edculum Integrado y Diversidades)<\/td><td>32 hs<\/td><td>Seminario<\/td><td>Mensual<\/td><td><\/td><\/tr><tr><td>Ciencias Naturales y su Did\u00e1ctica I<\/td><td>96 hs<\/td><td>Materia<\/td><td>Anual<\/td><td><\/td><\/tr><\/tbody><\/table><figcaption>2\u00ba A\u00f1o<\/figcaption><\/figure>\n\n\n\n<figure class=\"wp-block-table aligncenter is-style-stripes\"><table><tbody><tr><td>Nombre<\/td><td>Carga horaria<\/td><td>Tipo<\/td><td>Per\u00edodo<\/td><td><\/td><\/tr><tr><td>Derechos Humanos y Ciudadan\u00eda<\/td><td>48 hs<\/td><td>Materia<\/td><td>1\u00ba Cuatrimestre<\/td><td><\/td><\/tr><tr><td>Educaci\u00f3n Sexual Integral<\/td><td>48 hs<\/td><td>Taller<\/td><td>1\u00ba Cuatrimestre<\/td><td><\/td><\/tr><tr><td>Lenguajes Art\u00edsticos: M\u00fasica<\/td><td>32 hs<\/td><td>Taller<\/td><td>1\u00ba Cuatrimestre<\/td><td><\/td><\/tr><tr><td>Alfabetizaci\u00f3n Inicial<\/td><td>48 hs<\/td><td>Taller<\/td><td>2\u00ba Cuatrimestre<\/td><td><\/td><\/tr><tr><td>Educaci\u00f3n Tecnol\u00f3gica<\/td><td>64 hs<\/td><td>Materia<\/td><td>2\u00ba Cuatrimestre<\/td><td><\/td><\/tr><tr><td>Lengua, Literatura y su Did\u00e1ctica II<\/td><td>96 hs<\/td><td>Materia<\/td><td>Anual<\/td><td><\/td><\/tr><tr><td>Matem\u00e1tica y su Did\u00e1ctica II<\/td><td>96 hs<\/td><td>Materia<\/td><td>Anual<\/td><td><\/td><\/tr><tr><td>Ciencias Sociales y su Did\u00e1ctica II<\/td><td>96 hs<\/td><td>Materia<\/td><td>Anual<\/td><td><\/td><\/tr><tr><td>Ciencias Naturales y su Did\u00e1ctica II<\/td><td>96 hs <\/td><td>Materia<\/td><td>Anual<\/td><td><\/td><\/tr><tr><td>Pr\u00e1ctica de la Ense\u00f1anza<\/td><td>112hs<\/td><td>Pr\u00e1ctica<\/td><td>Anual<\/td><td><\/td><\/tr><tr><td>Seminario de Orientaci\u00f3n Integrado: <br>Transversalidad e interdisciplina de la<br>ense\u00f1anza plurigrado<\/td><td>32 hs<\/td><td>Seminario<\/td><td>Mensual<\/td><td><\/td><\/tr><tr><td>Taller Integrador Orientado III<\/td><td>64 hs<\/td><td>Taller<\/td><td>Anual<\/td><td><\/td><\/tr><\/tbody><\/table><figcaption>3\u00ba A\u00f1o<\/figcaption><\/figure>\n\n\n\n<figure class=\"wp-block-table aligncenter is-style-stripes\"><table><tbody><tr><td>Nombre<\/td><td>Carga horaria<\/td><td>Tipo<\/td><td>Per\u00edodo<\/td><td><\/td><\/tr><tr><td>Recursos Digitales, <br>Programaci\u00f3n y Rob\u00f3tica<\/td><td>48 hs<\/td><td>Taller<\/td><td>1\u00ba Cuatrimestre<\/td><td><\/td><\/tr><tr><td>Lenguajes art\u00edsticos: <br>Artes Visuales<\/td><td>32 hs<\/td><td>Taller<\/td><td>1\u00ba Cuatrimestre<\/td><td><\/td><\/tr><tr><td>Corporalidades y Salud Integral<\/td><td>32 hs<\/td><td>Taller<\/td><td>1\u00ba Cuatrimestre<\/td><td><\/td><\/tr><tr><td>Literatura Infantil y Juvenil<\/td><td>48 hs<\/td><td>Taller<\/td><td>2\u00ba Cuatrimestre<\/td><td><\/td><\/tr><tr><td>Lengua y Cultura Extranjera: <br>Ingl\u00e9s o Portugu\u00e9s<\/td><td>48 hs<\/td><td>Materia<\/td><td>2\u00ba Cuatrimestre<\/td><td><\/td><\/tr><tr><td>Residencia Docente<\/td><td>240 hs<\/td><td>Practica<\/td><td>Anual<\/td><td><\/td><\/tr><tr><td>Taller Integrador Orientado IV<\/td><td>64 hs<\/td><td>Taller<\/td><td>Anual<\/td><td><\/td><\/tr><tr><td>Seminario de Orientaci\u00f3n Integrado<\/td><td>32 hs<\/td><td>Seminario<\/td><td>Mensual<br>pr\u00e1ctica<\/td><td><\/td><\/tr><tr><td>Taller de Escritura Pedag\u00f3gica<\/td><td>32 hs<\/td><td>Taller<\/td><td>Integrado <br>residencia<\/td><td><\/td><\/tr><\/tbody><\/table><figcaption>4\u00ba A\u00f1o<\/figcaption><\/figure>\n\n\n\n<p><\/p>\n","protected":false},"excerpt":{"rendered":"<p>Profesorado de Educaci\u00f3n Primaria con Orientaci\u00f3n enEducaci\u00f3n Rural Resoluci\u00f3n N\u00ba 2-ME-2022 Acerca de la carrera La Ley de Educaci\u00f3n Nacional 26.206, en su Cap\u00edtulo X, art\u00edculo 49, plantea: \u00abLa educaci\u00f3n rural es la modalidad del sistema educativo de los niveles de educaci\u00f3n inicial, primaria y secundaria destinada a garantizar el cumplimiento de la escolaridad obligatoria &#8230; <a title=\"Plan de estudio\" class=\"read-more\" href=\"https:\/\/iessanfrancisco-slu.infd.edu.ar\/sitio\/catalogo\/plan-de-estudio\/\" aria-label=\"More on Plan de estudio\">[+]<\/a><\/p>\n","protected":false},"author":6,"featured_media":0,"parent":644,"menu_order":0,"comment_status":"closed","ping_status":"closed","template":"","meta":[],"acf":[],"_links":{"self":[{"href":"https:\/\/iessanfrancisco-slu.infd.edu.ar\/sitio\/wp-json\/wp\/v2\/pages\/734"}],"collection":[{"href":"https:\/\/iessanfrancisco-slu.infd.edu.ar\/sitio\/wp-json\/wp\/v2\/pages"}],"about":[{"href":"https:\/\/iessanfrancisco-slu.infd.edu.ar\/sitio\/wp-json\/wp\/v2\/types\/page"}],"author":[{"embeddable":true,"href":"https:\/\/iessanfrancisco-slu.infd.edu.ar\/sitio\/wp-json\/wp\/v2\/users\/6"}],"replies":[{"embeddable":true,"href":"https:\/\/iessanfrancisco-slu.infd.edu.ar\/sitio\/wp-json\/wp\/v2\/comments?post=734"}],"version-history":[{"count":13,"href":"https:\/\/iessanfrancisco-slu.infd.edu.ar\/sitio\/wp-json\/wp\/v2\/pages\/734\/revisions"}],"predecessor-version":[{"id":1118,"href":"https:\/\/iessanfrancisco-slu.infd.edu.ar\/sitio\/wp-json\/wp\/v2\/pages\/734\/revisions\/1118"}],"up":[{"embeddable":true,"href":"https:\/\/iessanfrancisco-slu.infd.edu.ar\/sitio\/wp-json\/wp\/v2\/pages\/644"}],"wp:attachment":[{"href":"https:\/\/iessanfrancisco-slu.infd.edu.ar\/sitio\/wp-json\/wp\/v2\/media?parent=734"}],"curies":[{"name":"wp","href":"https:\/\/api.w.org\/{rel}","templated":true}]}}