{"id":5010,"date":"2026-09-02T18:41:16","date_gmt":"2026-09-02T21:41:16","guid":{"rendered":"https:\/\/iessanfrancisco-slu.infd.edu.ar\/sitio\/?page_id=5010"},"modified":"2026-09-02T18:48:23","modified_gmt":"2026-09-02T21:48:23","slug":"capacitaciones-2026-segundo-cuatrimestre-4c2c26","status":"publish","type":"page","link":"https:\/\/iessanfrancisco-slu.infd.edu.ar\/sitio\/capacitaciones-2026-segundo-cuatrimestre-4c2c26\/","title":{"rendered":"Capacitaciones 2026 &#8211; Segundo Cuatrimestre &#8211; 4C2C26"},"content":{"rendered":"\n<p>.<\/p>\n\n\n\n<h2 class=\"wp-block-heading has-text-align-center\">Planificaci\u00f3n y Gesti\u00f3n de residuos en<\/h2>\n\n\n\n<h2 class=\"wp-block-heading has-text-align-center\">espacios locales con perspectiva de<\/h2>\n\n\n\n<h2 class=\"wp-block-heading has-text-align-center\">sostenibilidad desde el rol de la educaci\u00f3n ambiental<\/h2>\n\n\n\n<h4 class=\"wp-block-heading has-text-align-center\"><em>Res. N\u00ba 332-SDCDyFP-2026<\/em><\/h4>\n\n\n\n<div class=\"wp-block-buttons is-content-justification-center is-layout-flex wp-container-1\">\n<div class=\"wp-block-button\"><a class=\"wp-block-button__link wp-element-button\" href=\"https:\/\/docs.google.com\/forms\/d\/e\/1FAIpQLSeThgQ1-ibVwxGqS3BkDyCjthwe-grWFNf90ZhR1eIpEiJ5KQ\/viewform?usp=dialog\" target=\"_blank\" rel=\"noreferrer noopener\"><em><strong>Inscripciones<\/strong><\/em><\/a><\/div>\n<\/div>\n\n\n\n<figure class=\"wp-block-video\"><video controls src=\"https:\/\/iessanfrancisco-slu.infd.edu.ar\/sitio\/wp-content\/uploads\/2026\/09\/WhatsApp-Video-2026-09-02-at-18.26.58.mp4\"><\/video><\/figure>\n","protected":false},"excerpt":{"rendered":"<p>. Planificaci\u00f3n y Gesti\u00f3n de residuos en espacios locales con perspectiva de sostenibilidad desde el rol de la educaci\u00f3n ambiental Res. N\u00ba 332-SDCDyFP-2026<\/p>\n","protected":false},"author":11,"featured_media":0,"parent":0,"menu_order":0,"comment_status":"closed","ping_status":"closed","template":"","meta":[],"acf":[],"_links":{"self":[{"href":"https:\/\/iessanfrancisco-slu.infd.edu.ar\/sitio\/wp-json\/wp\/v2\/pages\/5010"}],"collection":[{"href":"https:\/\/iessanfrancisco-slu.infd.edu.ar\/sitio\/wp-json\/wp\/v2\/pages"}],"about":[{"href":"https:\/\/iessanfrancisco-slu.infd.edu.ar\/sitio\/wp-json\/wp\/v2\/types\/page"}],"author":[{"embeddable":true,"href":"https:\/\/iessanfrancisco-slu.infd.edu.ar\/sitio\/wp-json\/wp\/v2\/users\/11"}],"replies":[{"embeddable":true,"href":"https:\/\/iessanfrancisco-slu.infd.edu.ar\/sitio\/wp-json\/wp\/v2\/comments?post=5010"}],"version-history":[{"count":2,"href":"https:\/\/iessanfrancisco-slu.infd.edu.ar\/sitio\/wp-json\/wp\/v2\/pages\/5010\/revisions"}],"predecessor-version":[{"id":5016,"href":"https:\/\/iessanfrancisco-slu.infd.edu.ar\/sitio\/wp-json\/wp\/v2\/pages\/5010\/revisions\/5016"}],"wp:attachment":[{"href":"https:\/\/iessanfrancisco-slu.infd.edu.ar\/sitio\/wp-json\/wp\/v2\/media?parent=5010"}],"curies":[{"name":"wp","href":"https:\/\/api.w.org\/{rel}","templated":true}]}}

<p>.</p>



<h2 class="wp-block-heading has-text-align-center">Planificación y Gestión de residuos en</h2>



<h2 class="wp-block-heading has-text-align-center">espacios locales con perspectiva de</h2>



<h2 class="wp-block-heading has-text-align-center">sostenibilidad desde el rol de la educación ambiental</h2>



<h4 class="wp-block-heading has-text-align-center"><em>Res. Nº 332-SDCDyFP-2026</em></h4>



<div class="wp-block-buttons is-content-justification-center is-layout-flex wp-container-1">
<div class="wp-block-button"><a class="wp-block-button__link wp-element-button" href="https://docs.google.com/forms/d/e/1FAIpQLSeThgQ1-ibVwxGqS3BkDyCjthwe-grWFNf90ZhR1eIpEiJ5KQ/viewform?usp=dialog" target="_blank" rel="noreferrer noopener"><em><strong>Inscripciones</strong></em></a></div>
</div>



<figure class="wp-block-video"><video controls src="https://iessanfrancisco-slu.infd.edu.ar/sitio/wp-content/uploads/2026/09/WhatsApp-Video-2026-09-02-at-18.26.58.mp4"></video></figure>

<p>. Planificación y Gestión de residuos en espacios locales con perspectiva de sostenibilidad desde el rol de la educación ambiental Res. Nº 332-SDCDyFP-2026</p>
