{"id":1036,"date":"2022-03-11T10:48:47","date_gmt":"2022-03-11T13:48:47","guid":{"rendered":"https:\/\/iessanfrancisco-slu.infd.edu.ar\/sitio\/?page_id=1036"},"modified":"2022-07-27T10:20:31","modified_gmt":"2022-07-27T13:20:31","slug":"capacitaciones-2021","status":"publish","type":"page","link":"https:\/\/iessanfrancisco-slu.infd.edu.ar\/sitio\/capacitaciones-2021\/","title":{"rendered":"Capacitaciones 2021"},"content":{"rendered":"\n<p>En este espacio se podr\u00e1 ver y descargar las resoluciones de las diferentes capacitaciones dictadas durante el a\u00f1o 2021.<\/p>\n\n\n\n<div class=\"wp-block-media-text alignwide is-stacked-on-mobile\" style=\"grid-template-columns:27% auto\"><figure class=\"wp-block-media-text__media\"><img decoding=\"async\" loading=\"lazy\" width=\"552\" height=\"477\" src=\"https:\/\/iessanfrancisco-slu.infd.edu.ar\/sitio\/wp-content\/uploads\/2022\/03\/Office.png\" alt=\"\" class=\"wp-image-1044 size-full\"\/><\/figure><div class=\"wp-block-media-text__content\">\n<p><a href=\"https:\/\/drive.google.com\/file\/d\/1yf8hnEPmiRsxy9N4vE8j2Y_FXi07smfY\/view?usp=sharing\" data-type=\"URL\" target=\"_blank\" rel=\"noreferrer noopener\">Microsoft Word B\u00e1sico &#8211; Res. N\u00ba 187-SCD-2021_CBWordSF<\/a><\/p>\n\n\n\n<p><a href=\"https:\/\/drive.google.com\/file\/d\/1fzsX3at84tly7dhUS1WlmH419EvNTi96\/view?usp=sharing\" target=\"_blank\" rel=\"noreferrer noopener\">Microsoft Word Avanzado &#8211; Res. N\u00ba 184-SCD-2021_CAWordSF<\/a><\/p>\n\n\n\n<p><a rel=\"noreferrer noopener\" href=\"https:\/\/drive.google.com\/file\/d\/1LJ24F4dsSB7vcL3kX6sdnuBn1OFEbNS-\/view?usp=sharing\" target=\"_blank\">Microsoft Excel B\u00e1sico &#8211; Res. N\u00ba 188-SCD-2021_CBExcelSF<\/a><\/p>\n\n\n\n<p><a href=\"https:\/\/drive.google.com\/file\/d\/1up57SlLKaxW5pMwBhvMrAhKiPspa7W1j\/view?usp=sharing\" target=\"_blank\" rel=\"noreferrer noopener\">Microsoft  Excel Avanzado &#8211; Res. N\u00ba 185-SCD-2021_CAExcelSF<\/a><\/p>\n\n\n\n<p><a href=\"https:\/\/drive.google.com\/file\/d\/1PiGxfeVWWfFxl9nBsxGICsgHTWnYFtyK\/view?usp=sharing\" target=\"_blank\" rel=\"noreferrer noopener\">Microsoft Power Point &#8211; B\u00e1sico &#8211; Res. N\u00ba 189-SCD-2021_CBPower PointSF<\/a><\/p>\n\n\n\n<p><a href=\"https:\/\/drive.google.com\/file\/d\/1g3Z_0CxM7bstv4yZftnXj9wF-0kR67_l\/view?usp=sharing\" target=\"_blank\" rel=\"noreferrer noopener\">Microsoft Power Point Avanzado &#8211; Res. N\u00ba 186-SCD-2021_CAPower PointSF<\/a><\/p>\n<\/div><\/div>\n\n\n\n<p><\/p>\n\n\n\n<p><\/p>\n\n\n\n<div class=\"wp-block-media-text alignwide is-stacked-on-mobile\" style=\"grid-template-columns:27% auto\"><figure class=\"wp-block-media-text__media\"><img decoding=\"async\" loading=\"lazy\" width=\"662\" height=\"535\" src=\"https:\/\/iessanfrancisco-slu.infd.edu.ar\/sitio\/wp-content\/uploads\/2021\/09\/patrimonio-6-sept-e1647007584981.jpg\" alt=\"\" class=\"wp-image-1000 size-full\"\/><\/figure><div class=\"wp-block-media-text__content\">\n<p><a href=\"https:\/\/drive.google.com\/file\/d\/1F8CFAiRbagb-S1Q2-eOwayGQUvHWl-g2\/view?usp=sharing\" target=\"_blank\" rel=\"noreferrer noopener\">Claves para la Educaci\u00f3n en Escuelas Generativas del Siglo XXI El<br>Patrimonio Cultural y Natural: Tesoro de la Identidad Puntana\u201d &#8211; Res. N\u00ba 190-SCD-2021_Patrimonio Cultural<\/a><\/p>\n<\/div><\/div>\n\n\n\n<div class=\"wp-block-media-text alignwide is-stacked-on-mobile\" style=\"grid-template-columns:26% auto\"><figure class=\"wp-block-media-text__media\"><img decoding=\"async\" loading=\"lazy\" width=\"448\" height=\"298\" src=\"https:\/\/iessanfrancisco-slu.infd.edu.ar\/sitio\/wp-content\/uploads\/2022\/07\/imagen_ABP.jpg\" alt=\"\" class=\"wp-image-1207 size-full\"\/><\/figure><div class=\"wp-block-media-text__content\">\n<p><a href=\"https:\/\/drive.google.com\/file\/d\/1vRHMXPP2N-ro8N7WRM_rISwo0OJmv2iA\/view?usp=sharing\" data-type=\"URL\" target=\"_blank\" rel=\"noreferrer noopener\">ABP: una metodolog\u00eda de trabajo colaborativa e interdisciplinaria &#8211; Res N\u00ba 139-PES-202.<\/a><\/p>\n<\/div><\/div>\n","protected":false},"excerpt":{"rendered":"<p>En este espacio se podr\u00e1 ver y descargar las resoluciones de las diferentes capacitaciones dictadas durante el a\u00f1o 2021. Microsoft Word B\u00e1sico &#8211; Res. N\u00ba 187-SCD-2021_CBWordSF Microsoft Word Avanzado &#8211; Res. N\u00ba 184-SCD-2021_CAWordSF Microsoft Excel B\u00e1sico &#8211; Res. N\u00ba 188-SCD-2021_CBExcelSF Microsoft Excel Avanzado &#8211; Res. N\u00ba 185-SCD-2021_CAExcelSF Microsoft Power Point &#8211; B\u00e1sico &#8211; Res. N\u00ba &#8230; <a title=\"Capacitaciones 2021\" class=\"read-more\" href=\"https:\/\/iessanfrancisco-slu.infd.edu.ar\/sitio\/capacitaciones-2021\/\" aria-label=\"More on Capacitaciones 2021\">[+]<\/a><\/p>\n","protected":false},"author":11,"featured_media":0,"parent":0,"menu_order":0,"comment_status":"closed","ping_status":"closed","template":"","meta":[],"acf":[],"_links":{"self":[{"href":"https:\/\/iessanfrancisco-slu.infd.edu.ar\/sitio\/wp-json\/wp\/v2\/pages\/1036"}],"collection":[{"href":"https:\/\/iessanfrancisco-slu.infd.edu.ar\/sitio\/wp-json\/wp\/v2\/pages"}],"about":[{"href":"https:\/\/iessanfrancisco-slu.infd.edu.ar\/sitio\/wp-json\/wp\/v2\/types\/page"}],"author":[{"embeddable":true,"href":"https:\/\/iessanfrancisco-slu.infd.edu.ar\/sitio\/wp-json\/wp\/v2\/users\/11"}],"replies":[{"embeddable":true,"href":"https:\/\/iessanfrancisco-slu.infd.edu.ar\/sitio\/wp-json\/wp\/v2\/comments?post=1036"}],"version-history":[{"count":8,"href":"https:\/\/iessanfrancisco-slu.infd.edu.ar\/sitio\/wp-json\/wp\/v2\/pages\/1036\/revisions"}],"predecessor-version":[{"id":2296,"href":"https:\/\/iessanfrancisco-slu.infd.edu.ar\/sitio\/wp-json\/wp\/v2\/pages\/1036\/revisions\/2296"}],"wp:attachment":[{"href":"https:\/\/iessanfrancisco-slu.infd.edu.ar\/sitio\/wp-json\/wp\/v2\/media?parent=1036"}],"curies":[{"name":"wp","href":"https:\/\/api.w.org\/{rel}","templated":true}]}}